 + 7. Let h(s) = 3*s**2 - 3*s + 8. Let x(i) = 3*h(i) - 4*t(i). Calculate x(-3).
-4
Let x(o) be the third derivative of o**4/4 + o**3/3 + 13*o**2. Give x(-2).
-10
Let f(n) = n + 8*n - 3*n + 6 - 5*n. Let i(u) = u**2 - 7*u + 4. Let a be i(5). Let l = -9 - a. Give f(l).
3
Let m(a) = -26*a + 36. Let k(h) = -5*h + 7. Let i = 2 - 5. Let o(n) = i*m(n) + 16*k(n). What is o(5)?
-6
Let n(h) be the first derivative of -h**4/4 - 8*h**3/3 - 5*h + 5. Calculate n(-8).
-5
Let w(v) be the first derivative of -v**3/3 + 3*v**2 + 5*v + 19. Suppose -2*c - 2*i + 6 = 0, 3*i = 2*c - 19 - 2. Determine w(c).
5
Suppose 2*f - 7 = 3*o, 0 = -5*o + 2*f - 9 - 0. Let v(c) = 4*c**2 - c - 1. What is v(o)?
4
Let y(x) = 50*x - 4 + x**2 - x**3 - 53*x + 5*x**2. Give y(5).
6
Let h(x) = -x - 1. Let m be h(-6). Suppose 2*v = 6, 11 = 2*f + m*v - 14. Let a(q) = -f + 3 + 3*q - 2*q. What is a(5)?
3
Let s = 62 - 56. Let h(m) = -m**3 + 5*m**2 + 8*m - 6. Give h(s).
6
Let k = -4 - -6. Let c(m) = -2 + 5 - m - k. Calculate c(3).
-2
Let m(y) = -13*y**2 + 1. Suppose -3*b + 145 = 148. What is m(b)?
-12
Suppose 9 + 119 = 4*r. Suppose 5*y + 0*k + r = 3*k, 8 = -4*y - 2*k. Let v(m) = m**3 + 3*m**2 + 4. Determine v(y).
-12
Suppose 0 = -2*u - 6 + 4. Let z be (u + (-3)/(-2))*4. Let s(a) = 2*a**3 - 2*a**2 - 2*a + 3. Calculate s(z).
7
Let m(p) be the first derivative of 5*p**4/4 - p**3/6 + 6*p - 4. Let u(b) be the first derivative of m(b). Determine u(1).
14
Let x(f) = f**3 + f**2 - f - 2. Suppose -4*g + 2 = -10. Suppose o - g = -0*o. Suppose -o*n - 2*n = 0. What is x(n)?
-2
Let f(a) = a**3 - 5*a**2 + 5. Let o(m) = -2*m + 13. Let u be o(4). Calculate f(u).
5
Let d(j) = j**2 + 18*j - 1. Let n(l) = -2*l**2 - 35*l. Let w(f) = 11*d(f) + 6*n(f). Calculate w(-10).
9
Let y(i) = 14*i + 8. Let p(u) = -5 + 5*u + 19 - 11. Let g(q) = 11*p(q) - 4*y(q). Calculate g(6).
-5
Let b be 0/(-3*2/3). Let d(o) be the second derivative of b - o + 5/6*o**3 + 1/20*o**5 - o**2 + 1/2*o**4. What is d(-5)?
-2
Let a(s) = 2*s - 3. Let h(d) = d - 1. Let o(x) = a(x) + 2*h(x). Calculate o(4).
11
Let b(z) = 6*z**2 - 8*z - 1. Let y(q) = q**3. Let p(o) = -b(o) - y(o). Give p(-7).
-6
Let v(h) = -35*h + 3 + 1 + 39*h. Determine v(3).
16
Let x(q) = -3*q**3 + 7*q**2 + 5*q - 6. Let y(v) = 2*v**3 - 4*v**2 - 3*v + 3. Let m(f) = 3*x(f) + 5*y(f). Calculate m(0).
-3
Let f(b) = 16*b**2 + b**3 + 2 - 16*b**2. Suppose 4*n = -n. Determine f(n).
2
Let h(y) = y + 4. Let v be h(-3). Let k(p) = -84 - 2*p - 14*p**2 + 4*p + 83. What is k(v)?
-13
Let p(a) be the second derivative of 0*a**2 - 1/3*a**3 + 0 + 3*a. Let r be -3*1*(-4)/(-6). Calculate p(r).
4
Suppose z + z = -6. Let q(a) = a**2 - 4. What is q(z)?
5
Let p(z) = -z**3 + 6*z**2 + 9*z - 4. Let d be p(7). Let c = 14 - d. Let a(m) = 3 + 1 - 5*m - 2 + m**2. Calculate a(c).
-2
Suppose -m = 3 - 0. Let b(n) be the third derivative of n**4/24 + n**3/3 + 3*n**2. Let a(j) = -2*j - 3. Let q(r) = -5*a(r) - 8*b(r). What is q(m)?
-7
Let n(h) = -h**3 + 6*h**2 - h + 1. Let d(b) = b**3 - 5*b**2 - b - 4. Let z be d(5). Let g = z - -15. Calculate n(g).
-5
Let m(j) = 0*j**2 + j**2 - 7*j**3 - 2 + 1. Suppose -k + 2 = -0. Suppose 3*n = 5*n + k. Calculate m(n).
7
Let u = -56 + 54. Let k = 4 + -1. Let r(q) = 2 - 2*q + 2 - k - q**2. What is r(u)?
1
Suppose 0 = -j + p, -p - 9 = 3*j - 21. Let d(z) be the second derivative of 0 - 1/2*z**2 - 1/6*z**j + z. What is d(-2)?
1
Let v(n) = 8*n**2 + 6*n + 5. Let t(s) = -s**2 - s - 1. Let w(a) = -6*t(a) - v(a). Determine w(-2).
-7
Suppose -2*s + 2 = -2, 26 = 4*i + s. Let j(g) = -g**2 + 7*g + 1. Calculate j(i).
7
Let p(w) = 2*w. Suppose -3*z - 6 = 0, 2*t + z + 3*z + 34 = 0. Let m = t + 22. Suppose -3*o = 0, 0*x - 3*o + m = 3*x. Determine p(x).
6
Let b(l) = -8*l**2 + 3*l**3 + 2 - 4*l**3 - 5*l + 7*l**2 + 6*l**2. What is b(3)?
5
Suppose -g = 3*g - 12. Suppose 4*u + g = u. Let f(p) = -2*p + 1. Give f(u).
3
Suppose -5*d = -5*z + 10, -4*z = 4*d - 0 - 24. Suppose -z*y - 1 = -13. Let u(m) = m**3 - 2*m**2 - 4*m + 1. Calculate u(y).
-2
Let q(t) be the first derivative of -t**2/2 - t - 3. Let c(f) = f. Let d(k) = 4*c(k) + q(k). Determine d(2).
5
Let x be 7 - (-4 + 4)/(-1). Let r(q) = q**3 + 5*q**2 + 2*q + q + x - 2*q**3 + 3*q. Determine r(6).
7
Let m = 2 - -1. Let t be (3 - (m - 3))*1. Let j(g) be the first derivative of -g**3/3 - g**2/2 + 3*g + 2. Give j(t).
-9
Let k(l) = 1 - 5*l**2 + 6*l + 4*l - 16*l. Let p(m) = 6*m**2 + 7*m - 1. Let i(t) = 5*k(t) + 4*p(t). What is i(-4)?
-7
Let b be 4/(-14) - (-32)/14. Let u(r) = 0*r**2 + 4*r**b - r**3 - 2 - 6*r + 2*r**3. Determine u(-5).
3
Let r(m) be the third derivative of -1/24*m**4 + 1/2*m**3 + 0*m + 4*m**2 + 0. Let y = -6 + 12. What is r(y)?
-3
Let q(r) be the third derivative of r**5/60 + r**4/12 - 13*r**2. Determine q(-1).
-1
Let m(q) = 12*q + 6*q - 5 - 17*q. Determine m(4).
-1
Suppose 4*n = n. Let z(f) = -2*f**2 - 4 + n*f**2 + 3*f**2. Let q = -1 + 4. Determine z(q).
5
Let a(j) = 2*j. Suppose -2*c = -6*c - 196. Let i be 4/14 - 133/c. Determine a(i).
6
Let v(h) be the second derivative of -h**3/6 - h**2/2 + 225*h. Suppose -2*r - q = 3*r - 5, 0 = 3*r - 4*q - 26. What is v(r)?
-3
Let x(z) = -z + 4. Let f be x(4). Let d = -1 + 1. Let g(t) = -1 - t**3 + d*t**3 - 5. Give g(f).
-6
Let s(o) = o**2 - 5*o - 3. Let z(x) = -2*x**2 + 6*x + 2. Let h(r) = -3*s(r) - 2*z(r). Suppose -5*y = -33 - 7. Suppose y = -g - g. Give h(g).
9
Let a = -11 - -12. Suppose 2*u + 3 + 5 = 3*z, 0 = -5*u + 10. Let r(w) = -12*w + z*w + 7*w - a. Calculate r(-3).
2
Let h(u) = u**3 - u**2 - u - 6. Let l(b) = -b - 7. Let x(g) = -g**3 - 7*g**2 + g. Let s be x(-7). Let o be l(s). Calculate h(o).
-6
Let h(j) = 2*j. Suppose -7 = -p - 1. What is h(p)?
12
Let o(n) be the second derivative of n**5/120 + n**4/24 + 5*n**3/3 - 7*n. Let a(y) be the second derivative of o(y). Let i = 4 - 9. Calculate a(i).
-4
Let s(d) = -9 + d**3 - 5 - 2. Let u be (1 + -1)/(12/(-3)). Calculate s(u).
-16
Suppose 5*s - 2*g - 2 = 12, -5*s = -4*g - 18. Let v(t) = 3*t**3 + 5*t - 2*t - 7*t - 2*t**3 + 3 - 3*t**s. Let h(n) = n + 1. Let k be h(3). What is v(k)?
3
Let w(g) be the first derivative of -g**2/2 + 2*g - 5. Calculate w(5).
-3
Let l = -6 + 11. Suppose 2 = o - i, -o - l*i = -20 - 0. Let b(r) = -2*r + 4. What is b(o)?
-6
Let h(g) = 5*g - 3*g**2 - 2 + 2*g**3 + 0*g - 4*g + 2*g**2. What is h(2)?
12
Let s(p) be the second derivative of -5*p + 5/2*p**2 + 0 + 5/6*p**3 + 1/4*p**4 + 1/60*p**5. Let v(z) be the first derivative of s(z). Give v(-4).
-3
Let c be -1*1*(-1 + -3). Let a = c + -5. Let h be 2/6*(8 - a). Let x(r) = -r**2 + 2*r + 2. Give x(h).
-1
Let f(o) = -16*o + 5*o + 1 - 2 + 10*o. What is f(-6)?
5
Let h be (-10)/35 + (-60)/(-14). Let i(d) be the third derivative of d**6/120 - d**5/20 - d**4/4 + d**3/3 + d**2. Determine i(h).
-6
Suppose 2*s = -36 + 30. Let d(x) = x**3 + 5*x**2 + 4*x + 1. Give d(s).
7
Let j = -17 - -19. Suppose -5*m - 1 = -2*r - 4, 4*r + 14 = j*m. Let d(z) = -z**2 - 5*z. What is d(r)?
4
Suppose -10*r + 96 = 6*r. Let x(h) = -h**3 + h**3 + 5*h**2 - h**3 + 4*h. Give x(r).
-12
Suppose 0 = -5*g + 3*g - 4. Let i(m) be the first derivative of -2*m**3/3 + m**2 + 3*m + 2. What is i(g)?
-9
Let f be (-5 - -5)/(7/(14/(-4))). Let j(y) = -y**3 + y - 5. Give j(f).
-5
Let s(o) be the third derivative of o**8/20160 + o**7/1260 + o**6/720 - o**5/30 - 5*o**2. Let r(y) be the third derivative of s(y). Give r(-4).
1
Let x(u) = u - 2. Suppose -4*h + 45 = -3. Suppose -2*s - 24 = -3*n + 3*s, 2*n - 2*s = h. Determine x(n).
1
Suppose 7*w - 12 = 5*w. Let c(a) = 2 - 3*a + 1 + w*a. What is c(-2)?
-3
Let v(d) be the first derivative of 2*d**2 - 7*d - 2. Let l(w) = w**2 - 9*w + 15. Let p(i) = 6*l(i) + 13*v(i). Give p(-1).
7
Let w(v) = -4*v**3 - 5*v**2 + 5*v**3 + 0*v**3 - 8*v - 5 + 0. Calculate w(6).
-17
Let s(q) be the second derivative of -q**4/4 - 2*q**3 - 13*q**2/2 + 4*q. Let u(j) = j**2 + 3*j + 3. Let b(f) = 2*s(f) + 9*u(f). Let a = -2 + 0. Calculate b(a).
7
Suppose -2*j + 3 + 5 = 2*h, 0 = 5*j - h - 20. Suppose -4*u + s = 4*s + 17, 0 = -j*s + 4. Let x(i) = i**2 + 6*i - 1. Calculate x(u).
-6
Suppose 0 = -q + 4*v - 7, 5*v - 13 = 2*q - 2. Let g(b) be the third derivative of -b**4/12 - 2*b**2. Determine g(q).
6
Let y(a) = -5*a**3 + 2*a + 1. Suppose -5*p - 16 = 3*v, 4*v - 27 = p + 2*p. Let j = v + -9. Let m(n) = n**3 + 5*n**2 - 7*n - 7. Let s be m